{"id":2693,"date":"2023-12-27T18:48:40","date_gmt":"2023-12-27T17:48:40","guid":{"rendered":"https:\/\/www.postgradospucv.cl\/?page_id=2693"},"modified":"2026-03-05T19:31:31","modified_gmt":"2026-03-05T18:31:31","slug":"gestion-academica","status":"publish","type":"page","link":"https:\/\/www.postgradospucv.cl\/index.php\/gestion-academica\/","title":{"rendered":"Gesti\u00f3n Acad\u00e9mica"},"content":{"rendered":"\t\t<div data-elementor-type=\"wp-page\" data-elementor-id=\"2693\" class=\"elementor elementor-2693\" data-elementor-settings=\"{&quot;ha_cmc_init_switcher&quot;:&quot;no&quot;}\" data-elementor-post-type=\"page\">\n\t\t\t\t\t\t<section class=\"elementor-section elementor-top-section elementor-element elementor-element-09a4f43 elementor-section-content-middle elementor-section-boxed elementor-section-height-default elementor-section-height-default\" data-id=\"09a4f43\" data-element_type=\"section\" data-settings=\"{&quot;background_background&quot;:&quot;classic&quot;,&quot;_ha_eqh_enable&quot;:false}\">\n\t\t\t\t\t\t<div class=\"elementor-container elementor-column-gap-default\">\n\t\t\t\t\t<div class=\"elementor-column elementor-col-100 elementor-top-column elementor-element elementor-element-5399799\" data-id=\"5399799\" data-element_type=\"column\" data-settings=\"{&quot;background_background&quot;:&quot;classic&quot;}\">\n\t\t\t<div class=\"elementor-widget-wrap elementor-element-populated\">\n\t\t\t\t\t\t<div class=\"elementor-element elementor-element-1c5ea88 elementor-widget elementor-widget-heading\" data-id=\"1c5ea88\" data-element_type=\"widget\" data-widget_type=\"heading.default\">\n\t\t\t\t<div class=\"elementor-widget-container\">\n\t\t\t\t\t<h2 class=\"elementor-heading-title elementor-size-default\">Gesti\u00f3n Acad\u00e9mica<\/h2>\t\t\t\t<\/div>\n\t\t\t\t<\/div>\n\t\t\t\t<div class=\"elementor-element elementor-element-12b3a6b elementor-widget elementor-widget-ha-breadcrumbs happy-addon ha-breadcrumbs happy-addon-pro\" data-id=\"12b3a6b\" data-element_type=\"widget\" data-widget_type=\"ha-breadcrumbs.default\">\n\t\t\t\t<div class=\"elementor-widget-container\">\n\t\t\t\t\t<ul class=\"ha-breadcrumbs\"><li class=\"ha-breadcrumbs-item ha-breadcrumbs-start\"><a href=\"https:\/\/www.postgradospucv.cl\/\" rel=\"home\"><span class=\"ha-breadcrumbs-text\"><span class=\"ha-breadcrumbs-home-icon\"><span class=\"fas fa-home\" aria-hidden=\"true\"><\/span><\/span>Home<\/span><\/a><\/li><\/ul>\t\t\t\t<\/div>\n\t\t\t\t<\/div>\n\t\t\t\t\t<\/div>\n\t\t<\/div>\n\t\t\t\t\t<\/div>\n\t\t<\/section>\n\t\t\t\t<section class=\"elementor-section elementor-top-section elementor-element elementor-element-2774c10 elementor-section-boxed elementor-section-height-default elementor-section-height-default\" data-id=\"2774c10\" data-element_type=\"section\" data-settings=\"{&quot;_ha_eqh_enable&quot;:false}\">\n\t\t\t\t\t\t<div class=\"elementor-container elementor-column-gap-default\">\n\t\t\t\t\t<div class=\"elementor-column elementor-col-100 elementor-top-column elementor-element elementor-element-cd48614\" data-id=\"cd48614\" data-element_type=\"column\">\n\t\t\t<div class=\"elementor-widget-wrap elementor-element-populated\">\n\t\t\t\t\t\t<div class=\"elementor-element elementor-element-4368fd5 elementor-widget elementor-widget-text-editor\" data-id=\"4368fd5\" data-element_type=\"widget\" data-widget_type=\"text-editor.default\">\n\t\t\t\t<div class=\"elementor-widget-container\">\n\t\t\t\t\t\t\t\t\t<p>La Gesti\u00f3n Acad\u00e9mica en el postgrado es fundamental, ya que aborda aspectos clave para el funcionamiento efectivo de los servicios acad\u00e9micos para nuestros estudiantes. Esto incluye la utilizaci\u00f3n de la Plataforma Navegador Acad\u00e9mico, la obtenci\u00f3n de contrase\u00f1as, el acceso al correo institucional, la gesti\u00f3n de certificados, y la utilizaci\u00f3n de la aplicaci\u00f3n m\u00f3vil, entre otros. Estos elementos son esenciales para una experiencia acad\u00e9mica eficiente y que facilitan la comunicaci\u00f3n, la administraci\u00f3n de recursos y el seguimiento de la informaci\u00f3n necesaria para el \u00e9xito en el postgrado.<\/p>\t\t\t\t\t\t\t\t<\/div>\n\t\t\t\t<\/div>\n\t\t\t\t<div class=\"elementor-element elementor-element-3a73cbb elementor-widget elementor-widget-heading\" data-id=\"3a73cbb\" data-element_type=\"widget\" data-widget_type=\"heading.default\">\n\t\t\t\t<div class=\"elementor-widget-container\">\n\t\t\t\t\t<h4 class=\"elementor-heading-title elementor-size-default\">Navegador Acad\u00e9mico:<\/h4>\t\t\t\t<\/div>\n\t\t\t\t<\/div>\n\t\t\t\t<div class=\"elementor-element elementor-element-17a461c elementor-widget elementor-widget-text-editor\" data-id=\"17a461c\" data-element_type=\"widget\" data-widget_type=\"text-editor.default\">\n\t\t\t\t<div class=\"elementor-widget-container\">\n\t\t\t\t\t\t\t\t\t<p>La Pontificia Universidad Cat\u00f3lica de Valpara\u00edso ha implementado el Navegador Acad\u00e9mico, una herramienta virtual de informaci\u00f3n acad\u00e9mica. Este recurso est\u00e1 disponible para docentes, estudiantes nacionales y extranjeros, y ofrece una amplia gama de funciones administrativas para satisfacer las necesidades de los usuarios.<\/p><p>Si eres estudiante, puedes utilizar el Navegador Acad\u00e9mico para revisar tus datos personales, llevar a cabo el proceso de matr\u00edcula, consultar la malla curricular, solicitar certificados, y realizar otras tareas importantes. Para acceder a esta plataforma, simplemente visita el siguiente enlace: <a href=\"https:\/\/navegador.pucv.cl\/\">https:\/\/navegador.pucv.cl\/<\/a><\/p>\t\t\t\t\t\t\t\t<\/div>\n\t\t\t\t<\/div>\n\t\t\t\t\t<\/div>\n\t\t<\/div>\n\t\t\t\t\t<\/div>\n\t\t<\/section>\n\t\t\t\t<section class=\"elementor-section elementor-top-section elementor-element elementor-element-31898bd elementor-section-boxed elementor-section-height-default elementor-section-height-default\" data-id=\"31898bd\" data-element_type=\"section\" data-settings=\"{&quot;background_background&quot;:&quot;classic&quot;,&quot;_ha_eqh_enable&quot;:false}\">\n\t\t\t\t\t\t\t<div class=\"elementor-background-overlay\"><\/div>\n\t\t\t\t\t\t\t<div class=\"elementor-container elementor-column-gap-default\">\n\t\t\t\t\t<div class=\"elementor-column elementor-col-100 elementor-top-column elementor-element elementor-element-8206101\" data-id=\"8206101\" data-element_type=\"column\">\n\t\t\t<div class=\"elementor-widget-wrap elementor-element-populated\">\n\t\t\t\t\t\t<div class=\"elementor-element elementor-element-a1c5442 elementor-widget elementor-widget-heading\" data-id=\"a1c5442\" data-element_type=\"widget\" data-widget_type=\"heading.default\">\n\t\t\t\t<div class=\"elementor-widget-container\">\n\t\t\t\t\t<h2 class=\"elementor-heading-title elementor-size-default\">Cambio y recuperaci\u00f3n Contrase\u00f1a Navegador: <\/h2>\t\t\t\t<\/div>\n\t\t\t\t<\/div>\n\t\t\t\t<div class=\"elementor-element elementor-element-5384b6a elementor-widget elementor-widget-text-editor\" data-id=\"5384b6a\" data-element_type=\"widget\" data-widget_type=\"text-editor.default\">\n\t\t\t\t<div class=\"elementor-widget-container\">\n\t\t\t\t\t\t\t\t\tEl acceso a las plataformas del Correo institucional y Navegador Acad\u00e9mico ser\u00e1 a trav\u00e9s de una contrase\u00f1a \u00fanica.\nPara poder cambiar o recuperar dicha contrase\u00f1a, solo podr\u00e1 realizarlo a trav\u00e9s del Navegador por medio del siguiente procedimiento:\t\t\t\t\t\t\t\t<\/div>\n\t\t\t\t<\/div>\n\t\t\t\t<section class=\"elementor-section elementor-inner-section elementor-element elementor-element-c01727c elementor-section-boxed elementor-section-height-default elementor-section-height-default\" data-id=\"c01727c\" data-element_type=\"section\" data-settings=\"{&quot;_ha_eqh_enable&quot;:false}\">\n\t\t\t\t\t\t<div class=\"elementor-container elementor-column-gap-default\">\n\t\t\t\t\t<div class=\"elementor-column elementor-col-50 elementor-inner-column elementor-element elementor-element-aa9c3d9\" data-id=\"aa9c3d9\" data-element_type=\"column\" data-settings=\"{&quot;background_background&quot;:&quot;classic&quot;}\">\n\t\t\t<div class=\"elementor-widget-wrap elementor-element-populated\">\n\t\t\t\t\t\t<div class=\"elementor-element elementor-element-a0aeeb9 elementor-widget elementor-widget-heading\" data-id=\"a0aeeb9\" data-element_type=\"widget\" data-widget_type=\"heading.default\">\n\t\t\t\t<div class=\"elementor-widget-container\">\n\t\t\t\t\t<h4 class=\"elementor-heading-title elementor-size-default\">Cambio de Contrase\u00f1a<\/h4>\t\t\t\t<\/div>\n\t\t\t\t<\/div>\n\t\t\t\t<div class=\"elementor-element elementor-element-c957fa1 elementor-widget elementor-widget-text-editor\" data-id=\"c957fa1\" data-element_type=\"widget\" data-widget_type=\"text-editor.default\">\n\t\t\t\t<div class=\"elementor-widget-container\">\n\t\t\t\t\t\t\t\t\t<ol><li>Ingresar la siguiente direcci\u00f3n en su navegador de internet: <a href=\"https:\/\/nave13.ucv.cl\/\" target=\"_blank\" rel=\"noopener\">https:\/\/nave13.ucv.cl\/<\/a><\/li><li>Ingresar su Rut y su contrase\u00f1a actual.<\/li><li>Presionar el bot\u00f3n Ingresar.<\/li><li>Una vez dentro dirigirse a la pesta\u00f1a Perfil.<\/li><li>Realizar el procedimiento correspondiente.<\/li><li>Al finalizar presionar el bot\u00f3n Guardar contrase\u00f1a.<\/li><li>Se le notificar\u00e1 que el cambio ha sido exitoso.<\/li><\/ol>\t\t\t\t\t\t\t\t<\/div>\n\t\t\t\t<\/div>\n\t\t\t\t\t<\/div>\n\t\t<\/div>\n\t\t\t\t<div class=\"elementor-column elementor-col-50 elementor-inner-column elementor-element elementor-element-9e06b41\" data-id=\"9e06b41\" data-element_type=\"column\" data-settings=\"{&quot;background_background&quot;:&quot;classic&quot;}\">\n\t\t\t<div class=\"elementor-widget-wrap elementor-element-populated\">\n\t\t\t\t\t\t<div class=\"elementor-element elementor-element-881658d elementor-widget elementor-widget-heading\" data-id=\"881658d\" data-element_type=\"widget\" data-widget_type=\"heading.default\">\n\t\t\t\t<div class=\"elementor-widget-container\">\n\t\t\t\t\t<h4 class=\"elementor-heading-title elementor-size-default\">Recuperaci\u00f3n de Contrase\u00f1a<\/h4>\t\t\t\t<\/div>\n\t\t\t\t<\/div>\n\t\t\t\t<div class=\"elementor-element elementor-element-4b0ac4b elementor-widget elementor-widget-text-editor\" data-id=\"4b0ac4b\" data-element_type=\"widget\" data-widget_type=\"text-editor.default\">\n\t\t\t\t<div class=\"elementor-widget-container\">\n\t\t\t\t\t\t\t\t\t<p>En el caso de que olvide su contrase\u00f1a deber\u00e1 realizar el siguiente procedimiento:<\/p><ol><li>Ingresar la siguiente direcci\u00f3n en su navegador de internet: <a href=\"https:\/\/nave13.ucv.cl\/\" target=\"_blank\" rel=\"noopener\">https:\/\/nave13.ucv.cl\/<\/a><\/li><li>Seleccionar el link \u00bfOlvid\u00f3 su contrase\u00f1a?<\/li><li>En la nueva ventana ingresar el Rut y el texto de la imagen que le aparezca.<\/li><li>Al finalizar presionar el bot\u00f3n Siguiente.<\/li><li>Llegar\u00e1 un mensaje a su correo electr\u00f3nico alternativo que tiene registrado en el navegador acad\u00e9mico.<\/li><li>Hacer clic en el link que ah\u00ed aparece, y se desplegar\u00e1 la siguiente ventana donde deber\u00e1:<ol><li>Ingresar la nueva contrase\u00f1a.<\/li><li>Presionar el bot\u00f3n Guardar contrase\u00f1a.<\/li><\/ol><\/li><li>Se le notificar\u00e1 que el cambio fue exitoso. Una vez realizado esto la nueva clave tendr\u00e1 efecto instant\u00e1neamente.<\/li><\/ol>\t\t\t\t\t\t\t\t<\/div>\n\t\t\t\t<\/div>\n\t\t\t\t\t<\/div>\n\t\t<\/div>\n\t\t\t\t\t<\/div>\n\t\t<\/section>\n\t\t\t\t\t<\/div>\n\t\t<\/div>\n\t\t\t\t\t<\/div>\n\t\t<\/section>\n\t\t\t\t<section class=\"elementor-section elementor-top-section elementor-element elementor-element-4d13892 elementor-section-boxed elementor-section-height-default elementor-section-height-default\" data-id=\"4d13892\" data-element_type=\"section\" data-settings=\"{&quot;_ha_eqh_enable&quot;:false}\">\n\t\t\t\t\t\t<div class=\"elementor-container elementor-column-gap-default\">\n\t\t\t\t\t<div class=\"elementor-column elementor-col-50 elementor-top-column elementor-element elementor-element-a0344e8\" data-id=\"a0344e8\" data-element_type=\"column\">\n\t\t\t<div class=\"elementor-widget-wrap elementor-element-populated\">\n\t\t\t\t\t\t<div class=\"elementor-element elementor-element-f1d511a elementor-widget elementor-widget-heading\" data-id=\"f1d511a\" data-element_type=\"widget\" data-widget_type=\"heading.default\">\n\t\t\t\t<div class=\"elementor-widget-container\">\n\t\t\t\t\t<h4 class=\"elementor-heading-title elementor-size-default\">Obtenci\u00f3n Correo PUCV: <\/h4>\t\t\t\t<\/div>\n\t\t\t\t<\/div>\n\t\t\t\t<div class=\"elementor-element elementor-element-85fc8ad elementor-widget elementor-widget-text-editor\" data-id=\"85fc8ad\" data-element_type=\"widget\" data-widget_type=\"text-editor.default\">\n\t\t\t\t<div class=\"elementor-widget-container\">\n\t\t\t\t\t\t\t\t\t<p>El mail universitario @mail.pucv.cl es una valiosa herramienta que la Pontificia Universidad Cat\u00f3lica de Valpara\u00edso proporciona a sus estudiantes desde el primer d\u00eda de clases y que pueden seguir utilizando de por vida, incluso despu\u00e9s de graduarse.<\/p><p>Este correo, basado en la tecnolog\u00eda de Gmail, ofrece una amplia capacidad de almacenamiento y una variedad de herramientas \u00fatiles. Para acceder a \u00e9l, simplemente visita la p\u00e1gina principal del Navegador Acad\u00e9mico, ingresa tu contrase\u00f1a y elige entre dos opciones: Navegador Acad\u00e9mico o correo electr\u00f3nico. Tambi\u00e9n puedes acceder desde el Navegador Acad\u00e9mico haciendo clic en el enlace &#8220;correo electr\u00f3nico&#8221; que se encuentra en la parte superior derecha de tu ficha personal.<\/p><p>Recomendamos encarecidamente que utilices este correo institucional como tu principal medio de comunicaci\u00f3n con la comunidad universitaria.<\/p>\t\t\t\t\t\t\t\t<\/div>\n\t\t\t\t<\/div>\n\t\t\t\t\t<\/div>\n\t\t<\/div>\n\t\t\t\t<div class=\"elementor-column elementor-col-50 elementor-top-column elementor-element elementor-element-9ecc666\" data-id=\"9ecc666\" data-element_type=\"column\">\n\t\t\t<div class=\"elementor-widget-wrap elementor-element-populated\">\n\t\t\t\t\t\t<div class=\"elementor-element elementor-element-a5430dd elementor-widget elementor-widget-image\" data-id=\"a5430dd\" data-element_type=\"widget\" data-widget_type=\"image.default\">\n\t\t\t\t<div class=\"elementor-widget-container\">\n\t\t\t\t\t\t\t\t\t\t\t\t\t\t\t<img fetchpriority=\"high\" decoding=\"async\" width=\"853\" height=\"622\" src=\"https:\/\/www.postgradospucv.cl\/wp-content\/uploads\/2023\/12\/instructivo-correo.png\" class=\"attachment-full size-full wp-image-2699\" alt=\"\" srcset=\"https:\/\/www.postgradospucv.cl\/wp-content\/uploads\/2023\/12\/instructivo-correo.png 853w, https:\/\/www.postgradospucv.cl\/wp-content\/uploads\/2023\/12\/instructivo-correo-300x219.png 300w, https:\/\/www.postgradospucv.cl\/wp-content\/uploads\/2023\/12\/instructivo-correo-768x560.png 768w\" sizes=\"(max-width: 853px) 100vw, 853px\" \/>\t\t\t\t\t\t\t\t\t\t\t\t\t\t\t<\/div>\n\t\t\t\t<\/div>\n\t\t\t\t\t<\/div>\n\t\t<\/div>\n\t\t\t\t\t<\/div>\n\t\t<\/section>\n\t\t\t\t<section class=\"elementor-section elementor-top-section elementor-element elementor-element-ca120a7 elementor-section-boxed elementor-section-height-default elementor-section-height-default\" data-id=\"ca120a7\" data-element_type=\"section\" data-settings=\"{&quot;_ha_eqh_enable&quot;:false}\">\n\t\t\t\t\t\t<div class=\"elementor-container elementor-column-gap-default\">\n\t\t\t\t\t<div class=\"elementor-column elementor-col-50 elementor-top-column elementor-element elementor-element-6cf0dba\" data-id=\"6cf0dba\" data-element_type=\"column\">\n\t\t\t<div class=\"elementor-widget-wrap elementor-element-populated\">\n\t\t\t\t\t\t<div class=\"elementor-element elementor-element-8e5e36d elementor-widget elementor-widget-heading\" data-id=\"8e5e36d\" data-element_type=\"widget\" data-widget_type=\"heading.default\">\n\t\t\t\t<div class=\"elementor-widget-container\">\n\t\t\t\t\t<h4 class=\"elementor-heading-title elementor-size-default\">Obtenci\u00f3n de Certificados<\/h4>\t\t\t\t<\/div>\n\t\t\t\t<\/div>\n\t\t\t\t<div class=\"elementor-element elementor-element-a1ea92c elementor-widget elementor-widget-image\" data-id=\"a1ea92c\" data-element_type=\"widget\" data-widget_type=\"image.default\">\n\t\t\t\t<div class=\"elementor-widget-container\">\n\t\t\t\t\t\t\t\t\t\t\t\t\t\t\t<img decoding=\"async\" width=\"600\" height=\"1500\" src=\"https:\/\/www.postgradospucv.cl\/wp-content\/uploads\/2023\/12\/Infografia-Certificados-Navegador.jpg\" class=\"attachment-full size-full wp-image-2704\" alt=\"\" srcset=\"https:\/\/www.postgradospucv.cl\/wp-content\/uploads\/2023\/12\/Infografia-Certificados-Navegador.jpg 600w, https:\/\/www.postgradospucv.cl\/wp-content\/uploads\/2023\/12\/Infografia-Certificados-Navegador-120x300.jpg 120w, https:\/\/www.postgradospucv.cl\/wp-content\/uploads\/2023\/12\/Infografia-Certificados-Navegador-410x1024.jpg 410w\" sizes=\"(max-width: 600px) 100vw, 600px\" \/>\t\t\t\t\t\t\t\t\t\t\t\t\t\t\t<\/div>\n\t\t\t\t<\/div>\n\t\t\t\t\t<\/div>\n\t\t<\/div>\n\t\t\t\t<div class=\"elementor-column elementor-col-50 elementor-top-column elementor-element elementor-element-ba2f0b2\" data-id=\"ba2f0b2\" data-element_type=\"column\">\n\t\t\t<div class=\"elementor-widget-wrap elementor-element-populated\">\n\t\t\t\t\t\t<div class=\"elementor-element elementor-element-03e62af elementor-widget elementor-widget-heading\" data-id=\"03e62af\" data-element_type=\"widget\" data-widget_type=\"heading.default\">\n\t\t\t\t<div class=\"elementor-widget-container\">\n\t\t\t\t\t<h4 class=\"elementor-heading-title elementor-size-default\">SER PUCV APP<\/h4>\t\t\t\t<\/div>\n\t\t\t\t<\/div>\n\t\t\t\t<div class=\"elementor-element elementor-element-512d36c elementor-widget elementor-widget-text-editor\" data-id=\"512d36c\" data-element_type=\"widget\" data-widget_type=\"text-editor.default\">\n\t\t\t\t<div class=\"elementor-widget-container\">\n\t\t\t\t\t\t\t\t\t<p>La app estudiantil es una herramienta dise\u00f1ada para ayudar a los estudiantes en su vida acad\u00e9mica.<\/p><p>La\u00a0App\u00a0SER PUCV\u00a0ofrece la opci\u00f3n de una credencial virtual para\u00a0<u>todos los estudiantes matriculados en el per\u00edodo vigente de la Universidad<\/u>, tanto de pregrado como de postgrado, la cual puede ser f\u00e1cilmente descargada en dispositivos m\u00f3viles.<\/p>\t\t\t\t\t\t\t\t<\/div>\n\t\t\t\t<\/div>\n\t\t\t\t<div class=\"elementor-element elementor-element-2648403 gallery-spacing-custom elementor-widget elementor-widget-image-gallery\" data-id=\"2648403\" data-element_type=\"widget\" data-widget_type=\"image-gallery.default\">\n\t\t\t\t<div class=\"elementor-widget-container\">\n\t\t\t\t\t\t\t<div class=\"elementor-image-gallery\">\n\t\t\t<div id='gallery-1' class='gallery galleryid-2693 gallery-columns-2 gallery-size-full'><figure class='gallery-item'>\n\t\t\t<div class='gallery-icon portrait'>\n\t\t\t\t<img decoding=\"async\" width=\"380\" height=\"756\" src=\"https:\/\/www.postgradospucv.cl\/wp-content\/uploads\/2023\/12\/SER-PUCV_APP-1.png\" class=\"attachment-full size-full\" alt=\"\" srcset=\"https:\/\/www.postgradospucv.cl\/wp-content\/uploads\/2023\/12\/SER-PUCV_APP-1.png 380w, https:\/\/www.postgradospucv.cl\/wp-content\/uploads\/2023\/12\/SER-PUCV_APP-1-151x300.png 151w\" sizes=\"(max-width: 380px) 100vw, 380px\" \/>\n\t\t\t<\/div><\/figure><figure class='gallery-item'>\n\t\t\t<div class='gallery-icon portrait'>\n\t\t\t\t<img loading=\"lazy\" decoding=\"async\" width=\"414\" height=\"750\" src=\"https:\/\/www.postgradospucv.cl\/wp-content\/uploads\/2023\/12\/SER-PUCV_APP-2.jpg\" class=\"attachment-full size-full\" alt=\"\" srcset=\"https:\/\/www.postgradospucv.cl\/wp-content\/uploads\/2023\/12\/SER-PUCV_APP-2.jpg 414w, https:\/\/www.postgradospucv.cl\/wp-content\/uploads\/2023\/12\/SER-PUCV_APP-2-166x300.jpg 166w\" sizes=\"(max-width: 414px) 100vw, 414px\" \/>\n\t\t\t<\/div><\/figure><figure class='gallery-item'>\n\t\t\t<div class='gallery-icon portrait'>\n\t\t\t\t<img loading=\"lazy\" decoding=\"async\" width=\"383\" height=\"744\" src=\"https:\/\/www.postgradospucv.cl\/wp-content\/uploads\/2023\/12\/SER-PUCV_APP-3.jpg\" class=\"attachment-full size-full\" alt=\"\" srcset=\"https:\/\/www.postgradospucv.cl\/wp-content\/uploads\/2023\/12\/SER-PUCV_APP-3.jpg 383w, https:\/\/www.postgradospucv.cl\/wp-content\/uploads\/2023\/12\/SER-PUCV_APP-3-154x300.jpg 154w\" sizes=\"(max-width: 383px) 100vw, 383px\" \/>\n\t\t\t<\/div><\/figure><figure class='gallery-item'>\n\t\t\t<div class='gallery-icon portrait'>\n\t\t\t\t<img loading=\"lazy\" decoding=\"async\" width=\"366\" height=\"746\" src=\"https:\/\/www.postgradospucv.cl\/wp-content\/uploads\/2023\/12\/SER-PUCV_APP-4.jpg\" class=\"attachment-full size-full\" alt=\"\" srcset=\"https:\/\/www.postgradospucv.cl\/wp-content\/uploads\/2023\/12\/SER-PUCV_APP-4.jpg 366w, https:\/\/www.postgradospucv.cl\/wp-content\/uploads\/2023\/12\/SER-PUCV_APP-4-147x300.jpg 147w\" sizes=\"(max-width: 366px) 100vw, 366px\" \/>\n\t\t\t<\/div><\/figure>\n\t\t<\/div>\n\t\t<\/div>\n\t\t\t\t\t\t<\/div>\n\t\t\t\t<\/div>\n\t\t\t\t\t<\/div>\n\t\t<\/div>\n\t\t\t\t\t<\/div>\n\t\t<\/section>\n\t\t\t\t<\/div>\n\t\t","protected":false},"excerpt":{"rendered":"<p>Gesti\u00f3n Acad\u00e9mica Home La Gesti\u00f3n Acad\u00e9mica en el postgrado es fundamental, ya que aborda aspectos clave para el funcionamiento efectivo de los servicios acad\u00e9micos para nuestros estudiantes. Esto incluye la utilizaci\u00f3n de la Plataforma Navegador Acad\u00e9mico, la obtenci\u00f3n de contrase\u00f1as, el acceso al correo institucional, la gesti\u00f3n de certificados, y la utilizaci\u00f3n de la aplicaci\u00f3n [&hellip;]<\/p>\n","protected":false},"author":1,"featured_media":0,"parent":0,"menu_order":0,"comment_status":"closed","ping_status":"closed","template":"","meta":{"site-sidebar-layout":"no-sidebar","site-content-layout":"","ast-site-content-layout":"full-width-container","site-content-style":"default","site-sidebar-style":"default","ast-global-header-display":"","ast-banner-title-visibility":"","ast-main-header-display":"","ast-hfb-above-header-display":"","ast-hfb-below-header-display":"","ast-hfb-mobile-header-display":"","site-post-title":"disabled","ast-breadcrumbs-content":"","ast-featured-img":"disabled","footer-sml-layout":"","theme-transparent-header-meta":"","adv-header-id-meta":"","stick-header-meta":"","header-above-stick-meta":"","header-main-stick-meta":"","header-below-stick-meta":"","astra-migrate-meta-layouts":"default","ast-page-background-enabled":"default","ast-page-background-meta":{"desktop":{"background-color":"var(--ast-global-color-4)","background-image":"","background-repeat":"repeat","background-position":"center center","background-size":"auto","background-attachment":"scroll","background-type":"","background-media":"","overlay-type":"","overlay-color":"","overlay-opacity":"","overlay-gradient":""},"tablet":{"background-color":"","background-image":"","background-repeat":"repeat","background-position":"center center","background-size":"auto","background-attachment":"scroll","background-type":"","background-media":"","overlay-type":"","overlay-color":"","overlay-opacity":"","overlay-gradient":""},"mobile":{"background-color":"","background-image":"","background-repeat":"repeat","background-position":"center center","background-size":"auto","background-attachment":"scroll","background-type":"","background-media":"","overlay-type":"","overlay-color":"","overlay-opacity":"","overlay-gradient":""}},"ast-content-background-meta":{"desktop":{"background-color":"var(--ast-global-color-5)","background-image":"","background-repeat":"repeat","background-position":"center center","background-size":"auto","background-attachment":"scroll","background-type":"","background-media":"","overlay-type":"","overlay-color":"","overlay-opacity":"","overlay-gradient":""},"tablet":{"background-color":"var(--ast-global-color-5)","background-image":"","background-repeat":"repeat","background-position":"center center","background-size":"auto","background-attachment":"scroll","background-type":"","background-media":"","overlay-type":"","overlay-color":"","overlay-opacity":"","overlay-gradient":""},"mobile":{"background-color":"var(--ast-global-color-5)","background-image":"","background-repeat":"repeat","background-position":"center center","background-size":"auto","background-attachment":"scroll","background-type":"","background-media":"","overlay-type":"","overlay-color":"","overlay-opacity":"","overlay-gradient":""}},"footnotes":""},"class_list":["post-2693","page","type-page","status-publish","hentry"],"_links":{"self":[{"href":"https:\/\/www.postgradospucv.cl\/index.php\/wp-json\/wp\/v2\/pages\/2693","targetHints":{"allow":["GET"]}}],"collection":[{"href":"https:\/\/www.postgradospucv.cl\/index.php\/wp-json\/wp\/v2\/pages"}],"about":[{"href":"https:\/\/www.postgradospucv.cl\/index.php\/wp-json\/wp\/v2\/types\/page"}],"author":[{"embeddable":true,"href":"https:\/\/www.postgradospucv.cl\/index.php\/wp-json\/wp\/v2\/users\/1"}],"replies":[{"embeddable":true,"href":"https:\/\/www.postgradospucv.cl\/index.php\/wp-json\/wp\/v2\/comments?post=2693"}],"version-history":[{"count":19,"href":"https:\/\/www.postgradospucv.cl\/index.php\/wp-json\/wp\/v2\/pages\/2693\/revisions"}],"predecessor-version":[{"id":12307,"href":"https:\/\/www.postgradospucv.cl\/index.php\/wp-json\/wp\/v2\/pages\/2693\/revisions\/12307"}],"wp:attachment":[{"href":"https:\/\/www.postgradospucv.cl\/index.php\/wp-json\/wp\/v2\/media?parent=2693"}],"curies":[{"name":"wp","href":"https:\/\/api.w.org\/{rel}","templated":true}]}}